first derivative of -h**3 - 39*h**2/2 - 75*h + 677. Give r(-11).
-9
Let w(t) = -t**2 - 7*t + 4. Let k(n) = -n**2 - 6*n + 4. Suppose -4*j = -3*j - 16. Suppose j + 14 = -5*x. Let z(i) = x*k(i) + 5*w(i). Determine z(-4).
8
Let y(a) be the second derivative of a**3/2 + 3*a**2/2 - 11071*a. Suppose 4 = l - 3. Determine y(l).
24
Let k be (-4 - 44/(-12)) + (-328)/(-3). Suppose v - k = -5*l, -l - 4*l = 3*v - 117. Let g = 24 - l. Let y(c) = -2*c. Determine y(g).
-6
Suppose -4*t + 2*t = -32 - 14. Let w(b) = -b**3 + 21*b**2 + 45*b - 10. Determine w(t).
-33
Suppose 8*i - 30 = 2. Let z be 32/(-6) + (12/9)/i. Let l(q) = -q**3 - 4*q**2 + 8*q + 7. Give l(z).
-8
Let t(v) = -5*v**3 - 207*v**2 - 81*v + 57. Let z be t(-41). Let h(f) = -f**3 + 17*f**2 - 11*f - 75. Determine h(z).
5
Let p(u) = -59*u - 4. Let y = 39546 - 39547. Give p(y).
55
Let d(m) = -m**2 - 3*m. Let h be -4 - (-1 + 3 + -4 + -1). Let z(r) = -8*r**2 - 15*r - 3. Let o(c) = h*z(c) + 6*d(c). Determine o(2).
5
Let j(q) = -q**3 - 8*q**2 - 16*q + 7. Let a be -5*(((-1456)/(-42))/(-26) - (-14)/6). Give j(a).
12
Let i(n) = -3*n**2 - 22*n + 21. Let h be i(-8). Suppose 3*b + 24 = -2*l, -b + 6*b = -h*l - 50. Let t(d) = -d**2 - 4*d + 5. Give t(l).
-7
Let v(k) = 12 + 6*k - 35 - 69*k**2 + k**3 + 10*k + 79*k**2. Calculate v(-7).
12
Let j(o) = 5*o**3 + 6*o**2 + 6*o - 10. Let h be ((-24)/(-16) + -2)/((-1)/(-14)). Let x(g) = -6*g**3 - 6*g**2 - 7*g + 11. Let s(l) = h*j(l) - 6*x(l). Give s(6).
4
Let k(u) = u**2 + 1. Let o(w) = -w**2 + 20*w + 40. Let c(b) = -2*k(b) - o(b). Suppose 0 = 1077*l - 1068*l + 162. Determine c(l).
-6
Let w(p) = -526*p**2 + 2*p + 1057*p**2 - 530*p**2 - 8*p**3 + 2. Give w(-1).
9
Let c be (-645)/60 + (-12)/48. Let z(u) = -u**2 - 13*u - 16. What is z(c)?
6
Let o(n) = 2*n + 1. Let f(h) = 3*h + 18. Let x(t) = -f(t) + 2*o(t). Let r(c) = -c + 16. Let v(i) = -6*r(i) - 5*x(i). Give v(11).
-5
Let b(w) be the first derivative of w**2 - 49*w - 2406. Determine b(23).
-3
Let o(v) be the first derivative of -v**3/3 + 7*v**2/2 - 9*v + 2120. Give o(10).
-39
Let q(a) = -2 + 7105*a**2 + 2*a + 7105*a**2 - 14214*a**2. Let j = -3 + 5. Calculate q(j).
-14
Let w(d) = 2*d**2 + 2*d - 1. Let h(o) = -o**2 - 3*o. Let p(u) = 3*h(u) + 2*w(u). Suppose 14 = 3*c - 2*z, -5*c - 5*z = -104 + 89. Give p(c).
-6
Let d be ((156/90)/(-13))/((-112)/(-120) - 1). Let f(s) = 13*s**2 - 3*s. What is f(d)?
46
Let b(f) = f**3 - f**2 - f - 7. Let p be b(0). Let d = 39 - 30. Let w(l) = d*l + 5*l - 8 + l**2 - 9*l. Give w(p).
6
Let u(f) = f + 26. Let s(m) = m**2 - 13*m + 93. Let c(o) = s(o) - 4*u(o). Give c(17).
-11
Let j = 229 - 234. Let h = 10 + -7. Let a(c) = 0 - 5*c - 1 - c**3 + 4 + 2*c**h + 4*c**2. Determine a(j).
3
Let u = 10595 + -10591. Let s(p) = 21 - p**3 - p - p - 22 + 4*p**2. What is s(u)?
-9
Let f be (-1)/(-1)*2/(-2). Let p(x) = -3840 - x - 2*x**2 - 3844 + 7684. Give p(f).
-1
Let n(i) = -7*i**3 - 158*i**2 + 22*i + 22. Let k(b) = -2*b**3 - 43*b**2 + 6*b + 6. Let t(o) = 11*k(o) - 3*n(o). Calculate t(-3).
36
Let p(m) be the first derivative of 11*m**2/2 - 17*m - 603. Calculate p(-5).
-72
Let k(a) = 279*a**3 + 296*a**3 + 5*a**2 - 849*a**3 + 273*a**3 + 5 - 3*a. Let t be -1 + 3 + 2*1. Calculate k(t).
9
Let v be (3 + -2)/((-2)/(-12)). Let f(p) = -25*p - 21*p - 8 - 45*p - 24*p + 142*p - 26*p. Calculate f(v).
-2
Let f = -18281 + 18271. Let a(j) = -j**3 - 12*j**2 - 15*j + 52. What is a(f)?
2
Suppose 35*f - 6739 = 12*f. Let z = 281 - f. Let u(g) = 2*g**2 + 24*g - 3. What is u(z)?
-3
Let n(f) = -f - 4. Suppose 0 = m - 4*m. Suppose m = -12*h + 14*h. Suppose h = 5*k - 0*k + 15. What is n(k)?
-1
Suppose 0*m + 0*m - 16*m = -512. Let j(f) = -f**3 + 30*f**2 + 64*f - 14. Calculate j(m).
-14
Let c(v) = -1. Let i(f) = -5*f - 5. Let t(s) = c(s) - i(s). Let q(u) = -284*u**2 + u**3 - 12 + 146*u**2 + 2*u + 136*u**2. Let d be q(3). Give t(d).
19
Let f(d) = -6*d**2 + 8*d + 8 + 0 + 1 - d**3. Let n be (-157 - -150)/(4 - 5 - -2). Calculate f(n).
2
Let o be 0/(-6) + 9 + 5. Let b = o + -20. Let l(k) = -2*k - 9. What is l(b)?
3
Let q(i) = 75 + 2*i + 58 + 77 - 222. Determine q(-5).
-22
Suppose -27*g + 9*g + 108 = 0. Let u(a) = a**3 - 5*a**2 - 6*a + 7. Let t(k) = -k. Let p(m) = 3*t(m) + u(m). Determine p(g).
-11
Let j(v) = -4*v**3 + 2*v**2 - 1. Suppose 43 = -6*b + 19. Let p be 1/b + (2 - (-44)/(-16)). What is j(p)?
5
Let v(u) be the second derivative of u**4/12 - u**3/2 + 9*u**2/2 + 5*u. Let l be (-224)/(-16) + (-5 - 3). Determine v(l).
27
Suppose 0 = r + 1, -2*r - 58 = -5*v + r. Let l(m) = 26*m + v*m + 6 - 40*m. Determine l(5).
-9
Suppose 5*m + 8*m - 375 = -12*m. Let n(r) = -10*r + 144. Give n(m).
-6
Let d(i) = -i**2 - 1. Let a(z) = -3*z**2 - 5*z - 4. Let v(u) = a(u) - 4*d(u). Suppose 261 - 339 = 44*t - 386. Determine v(t).
14
Let f(x) = -6*x**2 + 2*x + 2. Let t be f(2). Let k(i) = -551*i - 44. Let g(q) = 245*q + 21. Let z(n) = -9*g(n) - 4*k(n). Give z(t).
5
Let d(h) be the first derivative of 17*h**2 - 3*h + 1450. What is d(-3)?
-105
Let k = -2445 + 2462. Let s(o) = 2*o - 27. What is s(k)?
7
Let t(o) = -6*o + 9. Let l be (-26)/(32 - 110)*(-1 - -22). Give t(l).
-33
Suppose 12*t = 26*t + 140. Let b be t/4*24/(-12). Let k(l) = l**3 - 4*l**2 - 4*l + 2. Calculate k(b).
7
Suppose 3*t = 3*l - 84, -5*t + 4*l - 42 = 100. Let y be (-5)/t + 10/12. Let q(s) = y + 33*s - 12*s - 18*s. Calculate q(1).
4
Let z(s) = -s**3 + 4*s**2 - 2*s + 6. Suppose -19*f = -10*f - 45. Suppose -f*w - 9*c = -4*c, c = 2*w. Suppose j - 2*x - 4 = -0*j, w = j - 4*x - 4. Give z(j).
-2
Suppose 3*f - 49 = -5*u, -8 = 18*u - 16*u. Suppose -f*k + 33 = -82. Let w(l) = 4*l - 3. Determine w(k).
17
Let f(g) be the second derivative of g**4/12 + 5*g**3 + 21*g**2/2 + 10120*g. Determine f(-29).
-8
Suppose 4*a = -5*d - 179, 5*d = 4*a - 0*a - 211. Let x = d - -45. Let q(v) = -2*v - 7. Determine q(x).
-19
Let c = -3 + 6. Let j(l) = -2*l - c - 5 + 0 + 1. Suppose -15*z - 50 = 25. Give j(z).
3
Let b(z) = z**3 + 14*z**2 + z - 5. Suppose 3*n - 4*g - 10 = 0, 4*g = 2*n - g - 9. Suppose 5*h - n*f = -66, 5*f = -7*h + 9*h + 18. Determine b(h).
-19
Let w(r) be the third derivative of r**5/60 - r**4/2 - 43*r**3/3 - 1151*r**2 - r. Determine w(-5).
-1
Let z(r) = r + 1. Let j = 31 + -8. Suppose -h - j = -3*g - g, -2*h + g - 74 = 0. Let u = h + 33. Calculate z(u).
-5
Let o(y) = -524*y + 175*y - 79 + 169*y + 163*y. Give o(-6).
23
Let p(j) = j**3 + 4*j**2 - 6*j - 3. Let z be p(-5). Let i = -295 + 298. Let g(b) = -i + 4*b - 4*b + 4*b - b**2 + 0*b. What is g(z)?
1
Suppose 0 = 9*o - 336 + 147. Let t(f) = -f**3 + 22*f**2 - 24*f + 42. Determine t(o).
-21
Suppose -3*c = 6, -4*c - 26 = 5*p - 6*c. Let n(m) = -m**3 - 5*m**2 + m + 10. What is n(p)?
40
Let q(r) be the third derivative of -r**4/12 - 31*r**3/6 + 13*r**2 + 138. Calculate q(14).
-59
Let y = 167/91 + -61/182. Let u(d) be the third derivative of 0 + 8*d**2 + 1/12*d**5 + 0*d - y*d**3 + 5/24*d**4 - 1/120*d**6. Determine u(6).
-15
Let n(o) be the first derivative of o**3/3 + 13*o**2/2 - 16*o - 7234. Calculate n(-19).
98
Suppose -5*p + 3*o = 11, -6*o = -3*p - 4*o - 6. Let j(i) = -i + 18. Let y be j(16). Let l(k) = 1 - k**y - 5*k + 4 - 10. What is l(p)?
-1
Let n be (-32)/(-18) - 6/(-27). Suppose 6 = 4*k + 3*p + n, p = -k + 2. Let l(w) = -19*w + 0 - w**3 - 2*w**2 + 5 - 14*w - 6 + 30*w. Determine l(k).
5
Let c(a) be the first derivative of 2*a**3/3 + 19*a**2/2 + 11*a + 4458. Determine c(-8).
-13
Let s(b) = 1371*b - 2735. Let j be s(2). Let k(p) be the second derivative of 0 - j*p + 1/2*p**2 + p**3. Determine k(1).
7
Let h(b) = -35*b + 413. Let k(q) = 6*q - 2. Let u(d) = -h(d) - 9*k(d). Give u(-21).
4
Let j(d) = d + 3. Let z be (-198)/132 - 2/((-4)/(-185)). Let w = z - -103. Determine j(w).
12
Suppose 0 = 40*b - 41*b - 1, 4*y = -4*b - 24. Let r(o) = 9*o + 31. What is r(y)?
-14
Let x(v) = -v**2 - v. Let a be 2/((10/5)/1). Let p(b) = b**3 + 3*b**2 - 4. Let r(k) = a*p(k) - 3*x(k). Calculate r(-4).
16
Let j(k) = -6*k + 97. Let t be (2048/(-768))/((-3)/(81/4)). Calculate j(t).
-11
Let w = -4 + 4. Let s(d) = 1 + 3*d + w*d**2 - d**3 - 4*d**2 - 4 + 1. Suppose 0 = 4*f + 3*g + 2 + 26, 2*f + 12 = -g. Determine s(f).
-14
Suppose -4*p + 8*p - 2*v = 1844, 3*p + 4*v - 1372 = 0. Let c(h) = 6*h - p*h**2 + 1 + 229*h**2 + 232*h**2. What is c(-3)?
-8
Let q(l) = -86*l + 74*l - 86 - 23*l - 50*l + 7*l**2. Give q(-1)